32/10 + c/15 prime?
True
Let g be (356 - 2) + -1 + 2. Let l = -584 + 536. Is -4*3/l*(g + 1) a composite number?
False
Let g(k) = -2*k**3 - 7*k**2 + 12*k - 9. Let u(f) = -f**3 + 4*f**2 + 15*f - 6. Let c be u(6). Let t be (30/18)/((-2)/c). Is g(t) a prime number?
True
Let x(k) = k**3 - 10*k**2 + k - 17. Let c be x(10). Is (972/(-63) + c)*-7 a composite number?
False
Let a be ((2/4)/1)/(1/26). Suppose 14*l - 440289 = -a*l. Is l prime?
False
Let h be (36/63)/(8/28). Suppose 4*w - 5*y + 88742 = 312670, 111978 = h*w + y. Is w composite?
False
Suppose -5*m + 60928 = -4*g, -5*m - 2*g - 37183 + 98099 = 0. Is (3*-2 - -4)/((-16)/m) a prime number?
True
Let d(x) = -171*x**2 - 9*x + 25. Let j be d(-12). Let a = 53608 + j. Is a a composite number?
True
Let r be (2 - 4) + 18 + 1. Let k(m) = -8 + 10*m**3 - 4*m + 8*m**3 - 8 - 4*m**2 + r. Is k(4) a composite number?
True
Suppose -t + 227926 = 3*z, 100*z - 98*z = -2*t + 455880. Is t composite?
False
Suppose 4*m + 182 = -3*y, 6*y + 226 = 2*y - 2*m. Let o = -50 - y. Let j(b) = 78*b - 21. Is j(o) prime?
False
Let b = 2519 - -4751. Let w = 17825 - b. Is w a prime number?
False
Let v(p) = -241*p + 1. Let y be v(-2). Let w = 1546 + -1580. Let i = y - w. Is i a composite number?
True
Let y(m) = 13*m**2 - 14*m + 124. Is y(-15) prime?
True
Suppose -53*w + 699 = -52*w. Let h = w + 2600. Is h prime?
True
Let d(k) = -88078*k**3 + k**2 - 5*k - 9. Is d(-2) composite?
True
Let t = -53 - -57. Suppose v - 12 = -h - h, -3*v = -t*h + 14. Suppose -k - 4*k - p = -2705, h*p = 2*k - 1082. Is k a composite number?
False
Suppose -t - 48 = 7*t. Let o be 6495/t - 2/(-4). Is (5 + o)*(-1)/3 a composite number?
False
Suppose 0 = -2*c - t + 265079, 3*c - 5*t + 46192 - 443830 = 0. Is c a composite number?
False
Let w(h) = 1320*h + 823. Is w(30) composite?
False
Let m(h) = -h**2 + 6*h + 63. Let a be m(11). Let d(z) = 26*z**2 + 28*z - 147. Is d(a) a composite number?
False
Let y(o) = 7*o**2 + 13*o + 61. Let a(x) = -6*x**2 - 12*x - 61. Let q(g) = -5*a(g) - 4*y(g). Is q(-15) prime?
False
Suppose -4*u + 16 = -2*a, -5*a = 4*u + 49 + 33. Let j = a + 17. Suppose 0*d = j*d - 1833. Is d prime?
False
Let s be 36/15 + (-4)/10*1. Suppose -8*i - 37981 = -11*i + u, 63309 = 5*i + s*u. Is i a composite number?
True
Is (-1213396122)/(-3699) + (-5)/9 a prime number?
False
Suppose 0*c + 191 = 5*h - 2*c, h - c = 40. Let m = h - 51. Is 89100/84 + (-4)/m a composite number?
False
Let d(o) = -4436*o - 45. Let b be (-24)/9 + 172/(-12). Is d(b) a prime number?
True
Suppose 58*f - 2222869 = -621431. Is f prime?
True
Let l = -95 + 171. Is l/133 - (-1 + (-27600)/14) prime?
True
Suppose -2*a = 0, 0 = -2*y + 4*a + a + 5042. Let o = y + -278. Is o prime?
True
Let v(s) = -7627*s - 4061. Is v(-4) a prime number?
False
Let w be 92/2*(-7 - (-264)/(-16)). Let j = 5976 - w. Is j a prime number?
True
Let d(o) = -1272*o + 11831. Is d(-153) prime?
True
Suppose s - 80 = 4*y, 0 = 3*s - 0*s + 5*y - 206. Let f be (4439/184)/(3/24). Suppose 0 = r - f + s. Is r a composite number?
True
Let q = 5 - 1. Suppose 282*v + 85 = 287*v. Suppose -v*z + 10517 = -q*z. Is z prime?
True
Let g(q) = 12*q**2 - 9*q - 20. Let s(t) = -12*t**2 + 8*t + 19. Let h(k) = 4*g(k) + 3*s(k). Is h(7) prime?
False
Let k = 364736 + -118237. Is k a prime number?
False
Let d = -7860 + 10081. Is d prime?
True
Let m(v) = 24*v - 12. Let p be m(14). Let x = 634 - p. Suppose -2*s - x + 2084 = 0. Is s prime?
True
Let m(r) = -18*r**3 + 16*r**2 + 20*r + 517. Is m(-20) a composite number?
False
Let s = 213539 + -121890. Is s prime?
False
Suppose -5*a - 10 = 2*x - 7*a, 0 = -2*x + a - 15. Let m(k) = -5*k**3 - 2*k**2 - 10*k - 3. Is m(x) prime?
False
Let v be 3/((-15)/(-2))*-15. Let u(j) = 23*j + 91. Let s be u(-4). Is ((-21)/v)/(81/(-82) - s) a composite number?
True
Let w = 27 - 23. Suppose -4*j = 2*y + 2646, w*y = -2*j + 4*j + 1308. Let l = j + 1333. Is l composite?
False
Suppose t + t + 6 = 2*y, 7 = -3*t + 5*y. Is 21290/t*(-28)/70 a composite number?
False
Let q = -113 - -133. Suppose q*z = 18*z + 1534. Is z prime?
False
Let m(v) = -2*v**3 - 2*v**2 - 20. Let d be m(0). Is (-17548)/d + 12/(-30) composite?
False
Let b be 6*(-4)/((-8)/82134). Suppose b = -29*h + 889651. Is h prime?
False
Suppose -4*g + 191 = 5*c, g - 8*c = -5*c + 69. Suppose 0 = g*d - 5*d - 1330007. Is d composite?
False
Suppose -11*y + 527820 = -351256 + 124355. Is y composite?
False
Let z be (4503/3)/((-8)/(-40)). Let q = z + 212. Is q composite?
False
Suppose -o + 3*x = -732395, 3661879 = 1403*o - 1398*o - 3*x. Is o composite?
True
Let c = 349203 - 242674. Is c a composite number?
True
Let t(u) = u**3 - 5*u**2 - 16*u - 6. Let c be t(-3). Is -6*(-3)/c + 347290/25 composite?
True
Let h = 411 - 421. Let y(b) = -2251*b + 259. Is y(h) a composite number?
False
Suppose 10388 + 16840 = 3*b. Let i = b - 5315. Is i a prime number?
True
Suppose 196*o - 42500001 = 19*o. Is o composite?
False
Suppose -8246 = -h - 2*a + 4*a, -5*a - 8249 = -h. Let w = 3473 + h. Is w prime?
True
Is 56680/1 - (-21 - (-22 - -8)) a composite number?
False
Is (-154 - -151)/(9/(-2253081)) prime?
True
Let j(d) = -8*d - 86. Let p be j(-11). Let k(x) = 113*x**3 + 2*x**2 - 10*x + 15. Is k(p) a prime number?
True
Is ((-13931832)/(-30) - 18)*5/2 a prime number?
True
Let m(z) = z**2 + 3*z - 7. Let l be m(-5). Let n = 6 + -9. Is ((-236)/4)/(n/l) composite?
False
Suppose 0*l + 356 = l. Let g be 45/3 - (1/(-3) - 1183/(-273)). Suppose 0 = -7*s + g*s - l. Is s a composite number?
False
Is 808732/10*(-4)/144*-15*6 a composite number?
False
Let q be 45/18*8/10. Let a be -1*(-2 - -4 - q). Suppose a = -5*l + 2589 + 1096. Is l a composite number?
True
Let x(t) = 171*t - 17. Let g(s) = s - 3. Let j = 45 - 32. Let p be g(j). Is x(p) composite?
False
Suppose 17817 = 3*k - x, 16*x + 29695 = 5*k + 14*x. Is k a composite number?
False
Is 93/248 + (5881278/16)/3 a composite number?
False
Is ((-1)/(-2) - 3025/150)*(-9 - 984) composite?
True
Let f be (-3)/(10/((-240)/18)). Is (2 + 1 - (-1 + f)) + 8131 composite?
True
Let q(i) be the third derivative of 11*i**3 + 0*i**4 + 7/60*i**5 + 0*i - 25*i**2 + 0. Is q(15) prime?
False
Let q(x) = -2*x - 1. Let b be q(-4). Suppose -5*l + b = -t + 1171, -3*t + 3552 = -3*l. Is t prime?
False
Is (-1221608)/24*-7 + 10/(-30) composite?
True
Let o be 250/(((-9)/(-6))/(3/4)). Suppose 69 = a + 4*j, 2*j + o = 2*a - 3*j. Is a a prime number?
False
Let g = 2372 + -446. Suppose 4*l - g = -2*s, -893 = -5*l - 4*s + 1516. Is l a prime number?
False
Is (-3548896)/(-130) + 4/(-20) composite?
False
Suppose -c + 1 = 0, -6*i - 3*c = -9*i + 797202. Is i a prime number?
False
Let j = 77 - 75. Suppose -c + j*u + 2417 = -0*u, 2*c = 3*u + 4832. Is c a composite number?
True
Is ((17535/(-14))/(-15))/((-4)/(-6824) + 0) composite?
True
Let m(l) = l**3 + 112*l**2 - 67*l - 3. Is m(-28) prime?
False
Suppose 18 = 3*f + 4*l + 249, 4*f + 4*l + 308 = 0. Suppose 4*t + 2*j - 5*j - 7 = 0, -2*j = 2. Is f/(((-2)/4)/(t/2)) a composite number?
True
Suppose -8902 = -4*w - x, -10*w + 13*w = -5*x + 6651. Is w prime?
False
Let g = -59 + 62. Suppose -g*d = -4*d + 4. Suppose -m = 2*l + 117 - 777, 4*m + 1308 = d*l. Is l a composite number?
True
Let g = -116 - -119. Suppose s = -5, -g*m = -m + 2*s - 762. Let x = m + 2043. Is x composite?
True
Let k(u) = 204*u**2 - 15*u + 2. Let p = -41 + 36. Is k(p) composite?
True
Let c = -151 + 148. Is (c/2)/((-126)/974316) composite?
True
Suppose 0 = -11*d + 8*d + 7806. Let z = d - 1121. Is z a prime number?
True
Let l(u) = 1318*u + 8. Let q(k) = 659*k + 4. Let r(g) = -6*l(g) + 13*q(g). Suppose 384*p - 30 = 374*p. Is r(p) a prime number?
False
Suppose 2*u - 5*n - 8713 = 32139, 0 = 5*u - 5*n - 102145. Is u prime?
True
Let l(t) = t**3 - 22*t**2 + 28*t + 23. Let h be l(-19). Let r = -10921 - h. Suppose r + 2942 = 3*m + 4*c, 0 = -m + 2*c + 2437. Is m composite?
False
Is ((-20)/(-20))/(0 + (-1)/(-24049)) a composite number?
False
Suppose 2*b - 102 = -90. Suppose 88 + b = s. Is s prime?
False
Suppose -33*z + 4 = -31*z. Let y(w) = 617*w**2 + 8*w + 3 - w - z*w - 32*w**2. Is y(-1) prime?
False
Let z be ((-2969)/4 - -3)/(8/(-96)). Let l = z - 4204. Is l prime?
False
Is (413 - -66)/(2/94) composite?
True
Let z = 229781 + -57538. Is z prime?
True
Suppose 20*h - 4895073 = -8*h + 3463291. Is h a composite number?